{"id":26,"date":"2025-11-17T15:12:14","date_gmt":"2025-11-17T15:12:14","guid":{"rendered":"http:\/\/www.itexs.unipr.it\/?page_id=26"},"modified":"2025-11-18T12:25:20","modified_gmt":"2025-11-18T12:25:20","slug":"soluzioni-tecnologiche","status":"publish","type":"page","link":"http:\/\/www.itexs.unipr.it\/index.php\/home\/soluzioni-tecnologiche\/","title":{"rendered":"Soluzioni tecnologiche"},"content":{"rendered":"\n<hr class=\"wp-block-separator has-alpha-channel-opacity\"\/>\n\n\n\n<h4 class=\"wp-block-heading\"><kbd>Soluzioni per il marketing di contenuto di prossimit\u00e0 nell'Ho.Re.Ca<\/kbd><\/h4>\n\n\n\n<figure class=\"wp-block-embed is-type-video is-provider-youtube wp-block-embed-youtube wp-embed-aspect-16-9 wp-has-aspect-ratio\"><div class=\"wp-block-embed__wrapper\">\n<iframe loading=\"lazy\" title=\"Presentazione I TEXS Soluzioni digitali per il marketing di contenuto di prossimit\u00e0\" width=\"500\" height=\"281\" src=\"https:\/\/www.youtube.com\/embed\/WB1sxuRvU0A?feature=oembed\" frameborder=\"0\" allow=\"accelerometer; autoplay; clipboard-write; encrypted-media; gyroscope; picture-in-picture; web-share\" referrerpolicy=\"strict-origin-when-cross-origin\" allowfullscreen><\/iframe>\n<\/div><\/figure>\n\n\n\n<figure class=\"wp-block-pullquote\"><blockquote><p><a href=\"http:\/\/www.itexs.unipr.it\/index.php\/home\/soluzioni-tecnologiche\/soluzioni-cmp\/\" data-type=\"page\" data-id=\"2\">Possibili applicazioni delle soluzioni per il marketing di contenuto di prossimit\u00e0 nell&#8217;Ho.Re.Ca<\/a><\/p><cite><a href=\"http:\/\/www.itexs.unipr.it\/index.php\/home\/soluzioni-tecnologiche\/soluzioni-cmp\/\" data-type=\"page\" data-id=\"2\">Approfondisci<\/a><\/cite><\/blockquote><\/figure>\n\n\n\n<hr class=\"wp-block-separator has-alpha-channel-opacity\"\/>\n\n\n\n<h4 class=\"wp-block-heading\"><kbd>Materiali sostenibili per stoviglie<\/kbd><\/h4>\n\n\n\n<figure class=\"wp-block-embed is-type-video is-provider-youtube wp-block-embed-youtube wp-embed-aspect-16-9 wp-has-aspect-ratio\"><div class=\"wp-block-embed__wrapper\">\n<iframe loading=\"lazy\" title=\"Presentazione I TEXS Materiali\" width=\"500\" height=\"281\" src=\"https:\/\/www.youtube.com\/embed\/lKJ1NxXWuvM?feature=oembed\" frameborder=\"0\" allow=\"accelerometer; autoplay; clipboard-write; encrypted-media; gyroscope; picture-in-picture; web-share\" referrerpolicy=\"strict-origin-when-cross-origin\" allowfullscreen><\/iframe>\n<\/div><\/figure>\n\n\n\n<figure class=\"wp-block-pullquote\"><blockquote><p><a href=\"http:\/\/www.itexs.unipr.it\/index.php\/home\/soluzioni-tecnologiche\/materiali\/\" data-type=\"page\" data-id=\"3\">Stoviglie in PLA con lignina: sostenibilit\u00e0 e innovazione per la ristorazione digitale<\/a><\/p><cite><a href=\"http:\/\/www.itexs.unipr.it\/index.php\/home\/soluzioni-tecnologiche\/materiali\/\" data-type=\"page\" data-id=\"3\">Approfondisci<\/a><\/cite><\/blockquote><\/figure>\n\n\n\n<p><\/p>\n","protected":false},"excerpt":{"rendered":"<p>Soluzioni per il marketing di contenuto di prossimit\u00e0 nell&#8217;Ho.Re.Ca Possibili applicazioni delle soluzioni per il marketing di contenuto di prossimit\u00e0 nell&#8217;Ho.Re.Ca Approfondisci Materiali sostenibili per stoviglie Stoviglie in PLA con lignina: sostenibilit\u00e0 e innovazione per la ristorazione digitale Approfondisci<\/p>\n","protected":false},"author":1,"featured_media":0,"parent":15,"menu_order":0,"comment_status":"closed","ping_status":"closed","template":"","meta":{"footnotes":""},"class_list":["post-26","page","type-page","status-publish","hentry"],"_links":{"self":[{"href":"http:\/\/www.itexs.unipr.it\/index.php\/wp-json\/wp\/v2\/pages\/26","targetHints":{"allow":["GET"]}}],"collection":[{"href":"http:\/\/www.itexs.unipr.it\/index.php\/wp-json\/wp\/v2\/pages"}],"about":[{"href":"http:\/\/www.itexs.unipr.it\/index.php\/wp-json\/wp\/v2\/types\/page"}],"author":[{"embeddable":true,"href":"http:\/\/www.itexs.unipr.it\/index.php\/wp-json\/wp\/v2\/users\/1"}],"replies":[{"embeddable":true,"href":"http:\/\/www.itexs.unipr.it\/index.php\/wp-json\/wp\/v2\/comments?post=26"}],"version-history":[{"count":6,"href":"http:\/\/www.itexs.unipr.it\/index.php\/wp-json\/wp\/v2\/pages\/26\/revisions"}],"predecessor-version":[{"id":95,"href":"http:\/\/www.itexs.unipr.it\/index.php\/wp-json\/wp\/v2\/pages\/26\/revisions\/95"}],"up":[{"embeddable":true,"href":"http:\/\/www.itexs.unipr.it\/index.php\/wp-json\/wp\/v2\/pages\/15"}],"wp:attachment":[{"href":"http:\/\/www.itexs.unipr.it\/index.php\/wp-json\/wp\/v2\/media?parent=26"}],"curies":[{"name":"wp","href":"https:\/\/api.w.org\/{rel}","templated":true}]}}